ts digit of x(0)?
4
Let c be (1 + -2)/((-6)/114). Suppose 3*d + 72 = 4*g, 4*g - 2*d - 91 + c = 0. What is the units digit of g?
8
Suppose -2*o + 6*o - 12 = 0. Suppose 5*z = o*c + 283, -2*c = 3*z - 6*c - 172. What is the units digit of z?
6
Let a(u) = 3*u**2 - 1. Let t be a(1). Suppose t*l + 0*s + 4*s = 70, 5*l = 5*s + 205. What is the tens digit of l?
3
Suppose -3*z - 22 = 65. What is the tens digit of ((-3)/(-1) - 2)*(0 - z)?
2
Let y = 3 + -4. What is the tens digit of y - (-9)/((-18)/(-100))?
4
Let q be (-4 - 7)/(1/(-5)). Let w = 84 - q. Suppose -2*r - o = -w, -2*o = 4*r - o - 53. What is the units digit of r?
2
Suppose 388 = 4*h + 4*i, 2*h - 3*i - 164 = i. What is the tens digit of h?
9
Let h = -1090 + 3504. What is the thousands digit of h?
2
Suppose -48358 = -41*p + 81243. What is the thousands digit of p?
3
Let d = -13 + 18. Suppose -3*k = -2*k + 5*c - 5, -3*k + d*c + 35 = 0. What is the tens digit of k?
1
Suppose -3*l - 4*w + 152 = 0, 3*l + 5*w - 2*w - 150 = 0. Suppose 2*n - 21 = a, 6*a - 2*a + l = 5*n. Let z = -10 + n. What is the units digit of z?
2
Let t = -82 - -80. Let x(v) = 39*v**2 + 9*v + 3. What is the hundreds digit of x(t)?
1
Suppose -2116 = -31*x + 30*x. What is the thousands digit of x?
2
What is the hundreds digit of 161/(8 + -15)*-7?
1
Let w = -31 + 40. What is the tens digit of (-13)/3*(1 - (w + -2))?
2
Suppose -y - 3*l + 1306 = -816, -3*y + 6408 = -5*l. What is the tens digit of y?
3
Let g(z) = -z**2 - 20*z + 26. Suppose -3*x - 39 = 3*w - 8*x, 13 = -w + 4*x. What is the units digit of g(w)?
7
Let q(p) = -5*p - 2. Suppose 3*r - 1 + 7 = 0. Let o be q(r). Let m(n) = n**2 - 6*n - 8. What is the units digit of m(o)?
8
Let q = -8 - 27. Let h = -15 - q. Let v = -16 + h. What is the units digit of v?
4
Suppose -3*t + 48 + 166 = 2*y, -5*t - 3*y + 357 = 0. Suppose 2*r = p + 91, t = r + 4*p + 4. What is the tens digit of r?
4
Suppose -10*q + 31*q - 35070 = 0. What is the units digit of q?
0
Let c(f) = 7*f - 7. Let q(h) = h - 1. Let u(i) = c(i) - 6*q(i). Let y be (-24)/10*(-35)/14. What is the units digit of u(y)?
5
Suppose 4*z - 5 = 7. Let s = -87 - -52. What is the tens digit of (-925)/s + z/(-7)?
2
Suppose -d + n = 277, 0*d + 2*n - 1382 = 5*d. Let z = d - -404. What is the hundreds digit of z?
1
Let z(y) = 2*y**3 + y**2 - 8*y + 7. What is the tens digit of z(7)?
8
Let s(l) = 53*l**2 + 10*l - 47. What is the thousands digit of s(-5)?
1
Let t(f) be the second derivative of -37*f**3/6 - 13*f**2/2 + 2*f. What is the units digit of t(-3)?
8
Suppose 5*s - 10 = 0, f - 2*s = 1317 + 127. What is the tens digit of f?
4
Let s be 1*(0 + -2) - (-34 + 35). What is the units digit of s - 316/(-4 + 0)?
6
Let u be (30/45)/(1/(-6)). Let s be u/2*(-6)/4. Suppose 174 = 3*o - c, s*o - 273 + 108 = -2*c. What is the tens digit of o?
5
Let w = -2953 - -4328. What is the hundreds digit of w?
3
Let w be 4 + (0/(-1))/4. Suppose w*p - q - 641 = -234, 2*q - 410 = -4*p. What is the units digit of p?
2
Let j(a) = -a - 32. Let r = -19 + 19. Let x be j(r). Let p = x + 86. What is the tens digit of p?
5
What is the hundreds digit of (78/(-8))/((-18)/912)?
4
Suppose 128 = n + 3*n. Let r(q) = 3*q**2 - 3*q + 8. Let k be r(5). Suppose 4*f - k = 3*l, -4*f = -2*f - l - n. What is the tens digit of f?
1
Suppose 0 = -28*c + 7*c + 1848. What is the tens digit of c?
8
Let m(s) = -s**3 + 25*s + 7. Let t(a) = a + 2. Let z(h) = m(h) - 6*t(h). What is the units digit of z(-7)?
5
Suppose 3*g = -g. Let f be (8 + (1 - g))/1. Suppose y - f = -6. What is the units digit of y?
3
Suppose -47*m = -49*m + 2080. Suppose 15*a - 20*a + m = 0. What is the hundreds digit of a?
2
Let v = -647 - -906. What is the tens digit of v?
5
Suppose 20*v = -4184 + 14844. What is the tens digit of v?
3
Let b(l) = -l**2 + 20*l - 35. Suppose 65 = -h + 4*h + 5*i, -h + 2*i + 7 = 0. What is the tens digit of b(h)?
4
Suppose 0 = 5*l - 4*y - 4230, 4*y = -2*l - 2*l + 3348. What is the tens digit of l?
4
Let t be 5 - 162/21 - (-4)/(-14). Let w(r) = -2*r**3 + r**2 + r + 4. What is the units digit of w(t)?
4
What is the hundreds digit of (-992)/(-4*9/36)?
9
Let a be (-6)/((-20)/(-8) + -4). Suppose -5*c + a = -6*c. Let h(i) = -2*i**3 - 6*i**2 - 3*i + 2. What is the tens digit of h(c)?
4
What is the tens digit of 41792/14 - (40/(-35))/(-8)?
8
Suppose 29*j - 26*j - 12327 = -3*w, 3*j + 2*w = 12322. What is the tens digit of j?
0
Let m = 4267 - 2285. What is the thousands digit of m?
1
Suppose -2*r + 3*c + 243 = -606, -426 = -r + 2*c. What is the tens digit of r?
2
Suppose 5*u + 4*k = 1321, -5*u + k + 1327 = -k. Let i = -485 + u. What is the tens digit of i/(-12) + 2/3?
1
Let j(s) = -10*s + 8. Let h be j(-3). Suppose 5*w = h - 13. Suppose -w*o + 39 + 56 = 0. What is the units digit of o?
9
Suppose -103 = r - 3*f, -2*f - 254 = -3*r + 6*r. Let z = 237 + r. What is the tens digit of z?
4
Let w(h) = 11*h**3 + 2*h**2 + h. Let l be w(-1). Let p be 1 + -3 + (-2 - l). Suppose -2*u + p = -6. What is the units digit of u?
6
Let n = 230 - -133. What is the tens digit of n?
6
Let y = -9 - -33. What is the units digit of ((-9)/12)/((-3)/y*1)?
6
Let s(p) = p**3 + 11*p**2 - 13*p - 9. Let v be s(-12). Suppose -5*y + 4*j - 26 = 0, -v*j = 2*y - 0*j - 8. What is the units digit of -2*1 - (y + -20)?
0
Let m = 5 + 21. Let w = m - -159. What is the units digit of w?
5
Let k be ((-2)/4)/(6/156). Let p = k - -185. What is the tens digit of p?
7
Let j(d) = -d**3 - 2*d**2 - 4*d. Suppose 0 = -2*s - 5*w, 0 = 4*s - 0*s - w - 22. Suppose 2*v - 9 = s*v. What is the tens digit of j(v)?
2
Let i = 89 + -95. Let g(p) = p**2 - 11*p - 23. What is the units digit of g(i)?
9
Let y(l) = -l**2 + 5*l - 2. Let b be y(5). Let q(t) = -2*t**3 - 4*t**2 - 3*t - 2. Let k be q(b). Suppose -k*j + 96 = -0*j. What is the units digit of j?
4
Suppose -3*z - 7*v - 29 = -3*v, -v + 45 = -4*z. Let r(s) = -s**2 - 20*s + 40. What is the tens digit of r(z)?
3
Let c = 58 - 26. Let t = -19 + c. What is the tens digit of t?
1
Suppose 246 = -3*f + 5*i, 0 = 5*f + 2*i + 3*i + 410. Let v = 139 + f. What is the units digit of v?
7
What is the hundreds digit of (-15)/(-1 + -2) + 187?
1
Let g = -11 + 25. Suppose -g*a = -12*a - 18. What is the tens digit of 1/(a/(-156))*-3?
5
Let v(c) = -c**2 + 22*c - 13. Let j be v(18). Suppose -16 - j = -3*x. What is the tens digit of x?
2
Let a = 1048 + -555. What is the tens digit of a?
9
Let d = -9 - 9. Let p = 10 + d. What is the units digit of (-6)/(((-28)/p)/(-7))?
2
Suppose 0 = 2*f - 9 + 1. What is the tens digit of 161*(-1)/((-14)/f)?
4
Suppose k + 58 = -4*f + 220, 0 = -f - 1. Suppose -k = -5*q - 11. What is the tens digit of q?
3
Let t(k) = -k**2 - 12*k - 56. Let j(b) = -b**2 + b. Let z(i) = -2*j(i) + t(i). What is the tens digit of z(21)?
9
Let a be (-7)/35 - 12/(-10). Let s be (1/1)/1 + a. Suppose 21 = s*k - 11. What is the units digit of k?
6
Suppose -4*w + 5*w = 6. Let i be (-8)/w*9/(-2). Suppose -b + 4*o = -i*b + 19, 5*b = o + 39. What is the units digit of b?
7
Suppose 218 = -7*r + 2857. What is the hundreds digit of r?
3
Suppose 2*q - 54 = 3*y, -97 = 8*y - 3*y - q. Let i = y + 248. What is the hundreds digit of i?
2
Let j(z) = -6*z. Let s be j(-3). Suppose -c - 2*c + s = 0. What is the units digit of c?
6
Let j be 1 + 9 - (-6)/(-3). Suppose 2 = 2*a, -l + 4*a - j = -3*l. Suppose -4*w + 2*w = -3*x - 63, l*w + x = 83. What is the tens digit of w?
3
Let q(k) = 10*k + 53. Let a be q(-5). Suppose -2*y = -2*g - 0*y + 12, 5*y + 20 = 0. Suppose g*b - 46 = -4*w, a*w = 2*b - b - 8. What is the units digit of b?
7
Suppose 3*h = 5*a + 47, -4*a + 2*a = 5*h - 37. Suppose -2*l - h = -5*l. Suppose -r + l = -33. What is the units digit of r?
6
Let h be (-3)/(-9)*9 + -3. Suppose h = -5*t - 3*t + 592. What is the tens digit of t?
7
Let z(m) = -m + 6. Let o be z(8). What is the units digit of (o/4)/(8/(-112))?
7
Let i(d) = 15*d**2 - 5*d + 80. What is the thousands digit of i(-11)?
1
Let l = -227 - -81. Let h = l - -264. What is the tens digit of h?
1
Let f be -1*15*20/24*-2. What is the tens digit of (-5)/(f/(-4))*45?
3
Let h = 13 - -7. Suppose -4*w + 456 = -5*d, -4*d - h = d. What is the tens digit of w?
0
Let s(l) = l**2 + 23*l - 25. Let z be s(-24). What is the tens digit of z + 5/(25/645)?
2
Let r be 15/(5/(10/(-3))). What is the tens digit of ((-24)